a = -3*x + 3*c + 33. What is the units digit of x?
9
Let g = 750 - -1312. What is the units digit of g?
2
Let f(x) = -2*x**2 + 6*x + 4. Let t be f(3). Suppose 0 = 4*v - t - 316. What is the tens digit of v?
8
Let s(b) = -b**3 + 7*b**2 + 10*b - 5. Let a(q) = 0 + q**2 - 2*q**2 - q + 1 + 0*q**2 + 9*q**3. Let j be a(1). What is the tens digit of s(j)?
1
Suppose 5*w - 90 = 2*w - 5*l, 4*w - 5*l = 120. Suppose 0 = -4*g + 2*p + w, -5*g + 54 = -5*p + 4. Let f = 11 - g. What is the units digit of f?
6
Suppose -2*w = -3*q - 6857, 14 = 4*q + 34. What is the units digit of w?
1
Let g(o) = 3*o + 5. Let z be g(10). Let j = z + -4. What is the units digit of j?
1
Let o = -40 + 27. Let y = o + 32. What is the tens digit of y?
1
Let i(m) = -3*m - 9. Let w = 19 + -23. Let t be i(w). What is the tens digit of ((-135)/12)/(t/(-12))?
4
What is the thousands digit of (6 + -5)*1486 - 0?
1
Suppose j = -3*o + 4*o - 1, -j - 7 = -4*o. Suppose o*t + 22 = 5*d, -2*t = -3*d - 5*t + 9. What is the units digit of d + 0 - 3 - -27?
8
Let n(h) = h + 7. Let z be n(-5). Suppose 182 = 5*f - 2*w, -5*f + 175 = -z*w + 7*w. What is the units digit of f?
6
Suppose 2*t + 0*t - 6 = 0. Suppose t*y = 7*y. What is the units digit of (4 + -13)/(-1 - y)?
9
What is the units digit of (-56)/(-364) - (-10801)/13?
1
Let k(o) = 7*o**2 + o + 1. Let r be k(3). Let n = 21 + r. Let i = n - 56. What is the units digit of i?
2
What is the thousands digit of 1 + 664746/368 + (-6)/16?
1
Let r(f) be the third derivative of -19*f**6/120 + f**4/12 + f**3/2 - 14*f**2. What is the units digit of r(-2)?
1
Let p(f) be the first derivative of f**3/3 + f**2/2 + 27*f + 1. Let d = 96 + -96. What is the units digit of p(d)?
7
Suppose -4*p - 2126 = 6. What is the units digit of 5 + 138/(-30) - p/5?
7
Let x(f) = -2*f + 28. Let p be x(11). Suppose -2*k + p*k - 1060 = 0. What is the hundreds digit of k?
2
Suppose 0 = -2*y + 2*h + 10, 6*h - 5 = h. Let c be (-1)/y + (-129)/(-18). Suppose c*n - 108 = 5*n. What is the units digit of n?
4
Let q(r) = -r. Let p(h) = -8*h - 10. Let b(g) = -p(g) + 5*q(g). What is the units digit of b(8)?
4
Let g be 60/25 + 2/(-5). Suppose g*s = -6, 609 + 33 = 5*f + s. What is the tens digit of f?
2
Suppose -5*g - 3*b + 103 = 0, 5 = g + 5*b + 2. Suppose -g - 17 = 5*v. What is the units digit of (v/(-16))/(1/60)?
0
Let i = 2895 + -21. What is the units digit of i?
4
Let q = -20 + 35. Suppose -3*s + q = 2*s. Suppose -115 - 23 = -s*u. What is the tens digit of u?
4
Let x(f) = 5*f**3 - 11*f**2 - 4*f + 8. Let d(m) = 4*m**3 - 10*m**2 - 4*m + 8. Let a(y) = 6*d(y) - 5*x(y). What is the tens digit of a(-5)?
2
Let l(y) = -y**2 - 9*y - 13. Let x be l(-6). Suppose x*q = 25, 3*g + 0*g - 3*q = -6. What is the tens digit of g - 7 - (-57)/3?
1
Let h = -2 + 7. Suppose 0 = h*s - 10. Suppose 2*y = 5*d + 9, y + s*d = -d + 32. What is the tens digit of y?
1
Let x(g) = -g**3 - 2*g**2 + g + 20. What is the hundreds digit of x(-10)?
8
Suppose 10 + 105 = p. Let j = p + -31. What is the tens digit of j?
8
Let i(q) = -q**3 - q**2 + 104. Let j be i(0). Suppose 4*y - 6*y = -4*m - 148, -3*m - 2*y - j = 0. What is the units digit of 2/((-4)/m*2)?
9
Let c be 2 + 3 - (1 + 0). Suppose 136 = -0*z + c*z. What is the tens digit of z?
3
Let z be (-1 - 7)*84/(-16). Suppose -r + 8 = -z. What is the units digit of r?
0
Suppose 0 = 5*c + 10. Let w be (c/(-4) + 0)*8. Suppose -72 = d - w*d. What is the units digit of d?
4
Let k = 9 + -8. Let x(r) = 21*r**2 + 2*r - 1. Let s(y) = -y**2. Let m(n) = 6*s(n) + x(n). What is the units digit of m(k)?
6
Let p(k) be the first derivative of -k**3 - 7*k**2/2 + 2*k - 3. Let g be p(8). What is the tens digit of g/(-10) - 3/5?
2
Let l = 107 - 104. Let i = l - -15. What is the tens digit of i?
1
Let s = -48 - -71. Suppose 4*v + 29 = 5*i, 4*i + 4*v - s = -7. Suppose 119 = i*u - 36. What is the tens digit of u?
3
Let v be ((-2)/10)/(1/(-5)). Let u(t) = 5*t**2 + 0 - v + 7*t**2 - 8*t - t**3. What is the units digit of u(11)?
2
Let w(k) be the first derivative of k**2 - 2*k + 19. What is the units digit of w(8)?
4
Let h(d) = -2*d**2 + 2*d - 1. Let o be h(-2). Suppose 0 = -10*x - 4*x + 490. Let g = x + o. What is the units digit of g?
2
Suppose 0 = 18*r - 26*r + 17608. What is the hundreds digit of r?
2
Let b(o) = -17 + 17 + 23 - 125*o. Let w be b(7). What is the tens digit of 4/(-16) - w/16?
5
What is the thousands digit of (-1 + 38)/(9/(23760/16))?
6
Suppose -108 = -3*o + 2*f, 0 = -5*o - 3*f + 2*f + 180. Let x = -16 + o. Suppose -g + 20 + x = 0. What is the tens digit of g?
4
Suppose -5*r - 5*p + 1114 = -1876, -2*r - 4*p + 1198 = 0. What is the units digit of r?
7
Let v be (9/27)/((-1)/(-6)). Suppose -v*z + 0*z + 96 = 0. Suppose -5*n = -4*o - n + z, 0 = -4*o + n + 36. What is the units digit of o?
8
Let n(h) = 233*h - 258. What is the units digit of n(11)?
5
What is the tens digit of -1 + 387 - -1 - (-56)/(-28)?
8
Let r = 6217 + -3752. What is the tens digit of r?
6
Let t(d) = 10*d + 1502. What is the units digit of t(0)?
2
Let j = -4 + 6. Suppose -4*w - 484 = 5*m - 1422, -j*w + 190 = m. What is the units digit of m?
6
Suppose -5*b - 7 = -4*j, -7 = -3*b - j - 1. Let n(g) = g**3 + 2*g**2 - g. What is the units digit of n(b)?
2
Suppose -4*y + 3 = 5*f - 6, 4*f - 2*y = 28. Suppose f*i - 61 = 34. Suppose -2*l + i + 5 = 0. What is the units digit of l?
2
Let q(h) = -3*h + 6. Let m be q(-1). Let j = 146 + m. What is the units digit of j?
5
Suppose -4*q = 4*h - 8, -5*h - 3*q + 22 = -2*q. Suppose h = -4*n + 1. What is the units digit of 0/(-1) - (n + -1)?
2
Let b = -879 + 907. What is the tens digit of b?
2
Suppose -9*r = 2*r - 5324. What is the hundreds digit of r?
4
Let q = -6 - -10. Suppose -9 = -3*c + 3*l, -l = -c - q*c + 15. Suppose c*v = 4*v - 11. What is the tens digit of v?
1
Suppose 0 = -4*h + 16, -3*h = -3*t + 130 + 689. What is the units digit of t?
7
Let v = 23 - 25. Let c be (28/(-16))/(v/8). Suppose 6*u - c*u + 26 = 0. What is the tens digit of u?
2
Let z(g) = -g**3 + 43*g**2 - 72*g - 70. What is the tens digit of z(40)?
5
Let t(k) = -k**3 + 3*k**2 + k. Let b be t(3). Suppose b*m - 27 = -4*w, -4 + 14 = 2*m. Suppose -26 = 2*o - w*o. What is the tens digit of o?
2
Suppose -568 = 14*j - 15*j - 3*f, 5*j + 3*f = 2864. What is the tens digit of j?
7
Suppose 31 = 5*r + 2*b, -4 = 3*r - 5*r + 2*b. Suppose -k = -l - 194, -6*l - 580 = -3*k - r*l. What is the tens digit of k?
9
What is the thousands digit of -1090*((-324)/(-45))/(-4)?
1
Let n = -15 + 26. Suppose -2 = 3*q - n. Suppose o - r + q*r - 27 = 0, 0 = 2*o - 3*r - 26. What is the tens digit of o?
1
Let z(m) = 2*m**3 + 2*m**2 + 2*m - 4. Let q be z(-2). What is the tens digit of (-4)/q*4 + 67?
6
Let w(p) = 15*p - 1. Let s be w(1). Let a = 742 + -727. Let b = a - s. What is the units digit of b?
1
Let f(u) = -u**3 - 8*u**2 - 9*u - 7. Let c be f(-7). Suppose -46 = -8*w + c*w. What is the tens digit of w?
4
Suppose 22*y = 3*y + 17689. What is the hundreds digit of y?
9
Let z = 5 + -31. What is the tens digit of 4/z - (-5929)/91?
6
What is the units digit of -7 + -2 + 3595/5?
0
Suppose -k - 1 = -99. Let w = -18 + k. Let q = w - 44. What is the tens digit of q?
3
Let h be (-4)/10*(-2 + -183). Suppose 3*d = 5*a - 3, 2*a + 6*d = 11*d - 14. Suppose -a*q - h = -l, 80 = 2*l + 2*q - 68. What is the tens digit of l?
7
Let q(p) = p**2 - p - 1. Let f(w) = 4*w**2 - 6*w + 2. Let o(y) = f(y) - 3*q(y). What is the tens digit of o(9)?
5
Let a be (-7)/(-1) - (-1 - -3). Suppose 0 = -2*u - a*r - 19, u - 2*r - 1 = 4*u. Suppose d - z + 9 = 32, d + u*z - 35 = 0. What is the tens digit of d?
2
Let v(o) = o**2 - 4*o + 4. Let s be v(3). What is the tens digit of 0 + -4 - -48*s?
4
Suppose 6*f + 17 = 59. Suppose 14*q - 679 = f*q. What is the tens digit of q?
9
Let q(i) = i**3 - 11*i**2 + 10*i - 21. What is the units digit of q(12)?
3
Let r be (3 + (-4 - 6))*-1. Suppose -11*z + 96 = -r*z. What is the tens digit of z?
2
Let r(d) = -d**3 + 19*d**2 + d - 35. Let k be r(19). What is the tens digit of (-65)/2*k/20?
2
Let n be 1*3*7/7. Let o(b) = -b**2 + 3*b + 4. Let v be o(n). Suppose j - 116 = -4*i, -5*j + 29 = i - v*j. What is the units digit of i?
9
Let w(m) = 2*m**3 - 2*m**2 - 4*m - 7. Let l be w(-2). Suppose 163 = 3*f - 5*c, -5*c - 21 = f - 102. Let b = l + f. What is the tens digit of b?
